ded by 1?
0
Calculate the remainder when 43 is divided by 25.
18
Calculate the remainder when 123 is divided by 57.
9
What is the remainder when 6964 is divided by 43?
41
What is the remainder when 237 is divided by 43?
22
What is the remainder when 131 is divided by 19?
17
Calculate the remainder when 278 is divided by 55.
3
What is the remainder when 40 is divided by 3?
1
Calculate the remainder when 812 is divided by 217.
161
What is the remainder when 602 is divided by 16?
10
What is the remainder when 1501 is divided by 251?
246
What is the remainder when 3373 is divided by 421?
5
What is the remainder when 454 is divided by 13?
12
Calculate the remainder when 2893 is divided by 1445.
3
Calculate the remainder when 377 is divided by 9.
8
Calculate the remainder when 96 is divided by 51.
45
What is the remainder when 256 is divided by 33?
25
Calculate the remainder when 130 is divided by 50.
30
Calculate the remainder when 373 is divided by 34.
33
Calculate the remainder when 11396 is divided by 285.
281
Calculate the remainder when 1725 is divided by 95.
15
What is the remainder when 115 is divided by 37?
4
What is the remainder when 185 is divided by 94?
91
What is the remainder when 83 is divided by 12?
11
Calculate the remainder when 152 is divided by 50.
2
What is the remainder when 144 is divided by 49?
46
Calculate the remainder when 836 is divided by 207.
8
Calculate the remainder when 26 is divided by 3.
2
Calculate the remainder when 23 is divided by 12.
11
Calculate the remainder when 896 is divided by 55.
16
Calculate the remainder when 838 is divided by 34.
22
What is the remainder when 641 is divided by 130?
121
What is the remainder when 209 is divided by 128?
81
What is the remainder when 125 is divided by 9?
8
Calculate the remainder when 200 is divided by 14.
4
Calculate the remainder when 739 is divided by 141.
34
Calculate the remainder when 551 is divided by 46.
45
Calculate the remainder when 52 is divided by 39.
13
Calculate the remainder when 95 is divided by 9.
5
What is the remainder when 196 is divided by 52?
40
Calculate the remainder when 59 is divided by 24.
11
Calculate the remainder when 296 is divided by 15.
11
What is the remainder when 67 is divided by 46?
21
Calculate the remainder when 1794 is divided by 164.
154
What is the remainder when 840 is divided by 21?
0
What is the remainder when 189 is divided by 45?
9
Calculate the remainder when 195 is divided by 62.
9
What is the remainder when 687 is divided by 43?
42
Calculate the remainder when 1480 is divided by 362.
32
Calculate the remainder when 1732 is divided by 575.
7
What is the remainder when 965 is divided by 22?
19
Calculate the remainder when 438 is divided by 90.
78
What is the remainder when 830 is divided by 120?
110
What is the remainder when 5373 is divided by 43?
41
Calculate the remainder when 177 is divided by 76.
25
What is the remainder when 778 is divided by 156?
154
What is the remainder when 1035 is divided by 14?
13
What is the remainder when 526 is divided by 44?
42
Calculate the remainder when 3352 is divided by 258.
256
Calculate the remainder when 8448 is divided by 20.
8
What is the remainder when 1614 is divided by 517?
63
What is the remainder when 172 is divided by 45?
37
What is the remainder when 632 is divided by 162?
146
What is the remainder when 60 is divided by 5?
0
Calculate the remainder when 1360 is divided by 152.
144
What is the remainder when 367 is divided by 25?
17
Calculate the remainder when 121 is divided by 75.
46
What is the remainder when 193 is divided by 89?
15
What is the remainder when 181 is divided by 82?
17
Calculate the remainder when 408 is divided by 41.
39
What is the remainder when 1018 is divided by 28?
10
What is the remainder when 205 is divided by 35?
30
What is the remainder when 286 is divided by 15?
1
What is the remainder when 164 is divided by 55?
54
Calculate the remainder when 1060 is divided by 472.
116
What is the remainder when 382 is divided by 105?
67
What is the remainder when 25 is divided by 14?
11
Calculate the remainder when 123 is divided by 42.
39
Calculate the remainder when 9628 is divided by 26.
8
What is the remainder when 3012 is divided by 33?
9
Calculate the remainder when 2918 is divided by 1450.
18
What is the remainder when 13280 is divided by 57?
56
Calculate the remainder when 7278 is divided by 20.
18
What is the remainder when 316 is divided by 31?
6
What is the remainder when 3231 is divided by 22?
19
Calculate the remainder when 323 is divided by 54.
53
Calculate the remainder when 307 is divided by 291.
16
What is the remainder when 11315 is divided by 147?
143
What is the remainder when 827 is divided by 84?
71
What is the remainder when 198 is divided by 23?
14
Calculate the remainder when 1156 is divided by 291.
283
Calculate the remainder when 10384 is divided by 17.
14
What is the remainder when 140 is divided by 36?
32
Calculate the remainder when 204 is divided by 52.
48
What is the remainder when 503 is divided by 180?
143
Calculate the remainder when 755 is divided by 76.
71
What is the remainder when 20986 is divided by 53?
51
What is the remainder when 304 is divided by 23?
5
Calculate the remainder when 469 is divided by 72.
37
Calculate the remainder when 407 is divided by 41.
38
Calculate the remainder when 2451 is divided by 5.
1
What is the remainder when 511 is divided by 79?
37
What is the remainder when 172 is divided by 56?
4
Calculate the remainder when 5798 is divided by 145.
143
What is the remainder when 127 is divided by 3?
1
What is the remainder when 2027 is divided by 58?
55
Calculate the remainder when 3940 is divided by 23.
7
Calculate the remainder when 2264 is divided by 372.
32
Calculate the remainder when 113 is divided by 61.
52
What is the remainder when 632 is divided by 171?
119
Calculate the remainder when 1407 is divided by 47.
44
What is the remainder when 1836 is divided by 602?
30
What is the remainder when 235 is divided by 48?
43
Calculate the remainder when 200 is divided by 51.
47
What is the remainder when 209 is divided by 36?
29
What is the remainder when 29 is divided by 24?
5
Calculate the remainder when 1427 is divided by 492.
443
What is the remainder when 716 is divided by 344?
28
Calculate the remainder when 6088 is divided by 145.
143
What is the remainder when 2038 is divided by 12?
10
Calculate the remainder when 425 is divided by 63.
47
Calculate the remainder when 166 is divided by 12.
10
What is the remainder when 860 is divided by 76?
24
What is the remainder when 62 is divided by 21?
20
Calculate the remainder when 1521 is divided by 62.
33
What is the remainder when 5371 is divided by 17?
16
What is the remainder when 853 is divided by 9?
7
Calculate the remainder when 33 is divided by 7.
5
What is the remainder when 58 is divided by 26?
6
Calculate the remainder when 3417 is divided by 90.
87
What is the remainder when 947 is divided by 95?
92
Calculate the remainder when 456 is divided by 112.
8
What is the remainder when 298 is divided by 60?
58
What is the remainder when 156 is divided by 33?
24
Calculate the remainder when 1230 is divided by 77.
75
Calculate the remainder when 52 is divided by 26.
0
Calculate the remainder when 2209 is divided by 28.
25
What is the remainder when 38013 is divided by 16?
13
Calculate the remainder when 13237 is divided by 40.
37
Calculate the remainder when 2722 is divided by 272.
2
What is the remainder when 4450 is divided by 53?
51
What is the remainder when 50 is divided by 42?
8
What is the remainder when 7712 is divided by 27?
17
Calculate the remainder when 1290 is divided by 19.
17
What is the remainder when 146 is divided by 45?
11
What is the remainder when 3165 is divided by 288?
285
What is the remainder when 2234 is divided by 160?
154
Calculate the remainder when 1226 is divided by 61.
6
Calculate the remainder when 531 is divided by 441.
90
Calculate the remainder when 3723 is divided by 1240.
3
Calculate the remainder when 352 is divided by 128.
96
Calculate the remainder when 236 is divided by 29.
4
Calculate the remainder when 92 is divided by 63.
29
Calculate the remainder when 1234 is divided by 411.
1
What is the remainde